[INFO] cloning repository https://github.com/Franciman/plasm
[INFO] running `Command { std: "git" "-c" "credential.helper=" "-c" "credential.helper=/workspace/cargo-home/bin/git-credential-null" "clone" "--bare" "https://github.com/Franciman/plasm" "/workspace/cache/git-repos/https%3A%2F%2Fgithub.com%2FFranciman%2Fplasm", kill_on_drop: false }`
[INFO] [stderr] Cloning into bare repository '/workspace/cache/git-repos/https%3A%2F%2Fgithub.com%2FFranciman%2Fplasm'...
[INFO] running `Command { std: "git" "rev-parse" "HEAD", kill_on_drop: false }`
[INFO] [stdout] f000206946bbc4f9967e1681420f66ca977eb580
[INFO] checking Franciman/plasm against master#9610dfe5a9a731ced1ea4923ecbd0c57fe367898 for beta-170-4
[INFO] running `Command { std: "git" "clone" "/workspace/cache/git-repos/https%3A%2F%2Fgithub.com%2FFranciman%2Fplasm" "/workspace/builds/worker-7-tc1/source", kill_on_drop: false }`
[INFO] [stderr] Cloning into '/workspace/builds/worker-7-tc1/source'...
[INFO] [stderr] done.
[INFO] validating manifest of git repo https://github.com/Franciman/plasm on toolchain 9610dfe5a9a731ced1ea4923ecbd0c57fe367898
[INFO] running `Command { std: CARGO_HOME="/workspace/cargo-home" RUSTUP_HOME="/workspace/rustup-home" "/workspace/cargo-home/bin/cargo" "+9610dfe5a9a731ced1ea4923ecbd0c57fe367898" "metadata" "--manifest-path" "Cargo.toml" "--no-deps", kill_on_drop: false }`
[INFO] started tweaking git repo https://github.com/Franciman/plasm
[INFO] finished tweaking git repo https://github.com/Franciman/plasm
[INFO] tweaked toml for git repo https://github.com/Franciman/plasm written to /workspace/builds/worker-7-tc1/source/Cargo.toml
[INFO] crate git repo https://github.com/Franciman/plasm already has a lockfile, it will not be regenerated
[INFO] running `Command { std: CARGO_HOME="/workspace/cargo-home" RUSTUP_HOME="/workspace/rustup-home" "/workspace/cargo-home/bin/cargo" "+9610dfe5a9a731ced1ea4923ecbd0c57fe367898" "fetch" "--manifest-path" "Cargo.toml", kill_on_drop: false }`
[INFO] [stderr]     Updating git repository `https://github.com/frankplus/rust-honestintervals`
[INFO] [stderr]     Updating git repository `https://github.com/frankplus/three-d`
[INFO] [stderr]  Downloading crates ...
[INFO] [stderr]   Downloaded num-derive v0.3.0
[INFO] running `Command { std: "docker" "create" "-v" "/var/lib/crater-agent-workspace/builds/worker-7-tc1/target:/opt/rustwide/target:rw,Z" "-v" "/var/lib/crater-agent-workspace/builds/worker-7-tc1/source:/opt/rustwide/workdir:ro,Z" "-v" "/var/lib/crater-agent-workspace/cargo-home:/opt/rustwide/cargo-home:ro,Z" "-v" "/var/lib/crater-agent-workspace/rustup-home:/opt/rustwide/rustup-home:ro,Z" "-e" "SOURCE_DIR=/opt/rustwide/workdir" "-e" "CARGO_TARGET_DIR=/opt/rustwide/target" "-e" "CARGO_HOME=/opt/rustwide/cargo-home" "-e" "RUSTUP_HOME=/opt/rustwide/rustup-home" "-w" "/opt/rustwide/workdir" "-m" "1610612736" "--user" "0:0" "--network" "none" "ghcr.io/rust-lang/crates-build-env/linux@sha256:19e73879b68f455e41552ea35293514db52ea292d993f571636dbffedb77a1ee" "/opt/rustwide/cargo-home/bin/cargo" "+9610dfe5a9a731ced1ea4923ecbd0c57fe367898" "metadata" "--no-deps" "--format-version=1", kill_on_drop: false }`
[INFO] [stdout] a4af863dac8990590133e963780951970c435c5470a4138a95a986418f0def4e
[INFO] running `Command { std: "docker" "start" "-a" "a4af863dac8990590133e963780951970c435c5470a4138a95a986418f0def4e", kill_on_drop: false }`
[INFO] running `Command { std: "docker" "inspect" "a4af863dac8990590133e963780951970c435c5470a4138a95a986418f0def4e", kill_on_drop: false }`
[INFO] running `Command { std: "docker" "rm" "-f" "a4af863dac8990590133e963780951970c435c5470a4138a95a986418f0def4e", kill_on_drop: false }`
[INFO] [stdout] a4af863dac8990590133e963780951970c435c5470a4138a95a986418f0def4e
[INFO] running `Command { std: "docker" "create" "-v" "/var/lib/crater-agent-workspace/builds/worker-7-tc1/target:/opt/rustwide/target:rw,Z" "-v" "/var/lib/crater-agent-workspace/builds/worker-7-tc1/source:/opt/rustwide/workdir:ro,Z" "-v" "/var/lib/crater-agent-workspace/cargo-home:/opt/rustwide/cargo-home:ro,Z" "-v" "/var/lib/crater-agent-workspace/rustup-home:/opt/rustwide/rustup-home:ro,Z" "-e" "SOURCE_DIR=/opt/rustwide/workdir" "-e" "CARGO_TARGET_DIR=/opt/rustwide/target" "-e" "CARGO_INCREMENTAL=0" "-e" "RUST_BACKTRACE=full" "-e" "RUSTFLAGS=--cap-lints=forbid" "-e" "RUSTDOCFLAGS=--cap-lints=forbid" "-e" "CARGO_HOME=/opt/rustwide/cargo-home" "-e" "RUSTUP_HOME=/opt/rustwide/rustup-home" "-w" "/opt/rustwide/workdir" "-m" "1610612736" "--user" "0:0" "--network" "none" "ghcr.io/rust-lang/crates-build-env/linux@sha256:19e73879b68f455e41552ea35293514db52ea292d993f571636dbffedb77a1ee" "/opt/rustwide/cargo-home/bin/cargo" "+9610dfe5a9a731ced1ea4923ecbd0c57fe367898" "check" "--frozen" "--all" "--all-targets" "--message-format=json", kill_on_drop: false }`
[INFO] [stdout] 2be935e48f25b26b8b4d7e82beeca1c37add9ea30478d3b52820bc988d743621
[INFO] running `Command { std: "docker" "start" "-a" "2be935e48f25b26b8b4d7e82beeca1c37add9ea30478d3b52820bc988d743621", kill_on_drop: false }`
[INFO] [stderr]    Compiling autocfg v1.0.0
[INFO] [stderr]    Compiling libc v0.2.69
[INFO] [stderr]    Compiling proc-macro2 v1.0.10
[INFO] [stderr]    Compiling syn v1.0.18
[INFO] [stderr]    Compiling cc v1.0.52
[INFO] [stderr]    Compiling wasm-bindgen-shared v0.2.60
[INFO] [stderr]    Compiling bumpalo v3.2.1
[INFO] [stderr]    Compiling wayland-scanner v0.21.13
[INFO] [stderr]     Checking stb_truetype v0.3.1
[INFO] [stderr]    Compiling wasm-bindgen v0.2.60
[INFO] [stderr]    Compiling syn v0.15.44
[INFO] [stderr]     Checking owning_ref v0.4.1
[INFO] [stderr]    Compiling x11-dl v2.18.5
[INFO] [stderr]    Compiling num-derive v0.2.5
[INFO] [stderr]    Compiling gl_generator v0.10.0
[INFO] [stderr]    Compiling serde v1.0.106
[INFO] [stderr]     Checking lock_api v0.1.5
[INFO] [stderr]     Checking lzw v0.10.0
[INFO] [stderr]     Checking deflate v0.7.20
[INFO] [stderr]    Compiling gl_generator v0.14.0
[INFO] [stderr]     Checking color_quant v1.0.1
[INFO] [stderr]    Compiling num-traits v0.2.11
[INFO] [stderr]    Compiling num-integer v0.1.42
[INFO] [stderr]    Compiling num-bigint v0.2.6
[INFO] [stderr]    Compiling num-iter v0.1.40
[INFO] [stderr]    Compiling num-rational v0.2.4
[INFO] [stderr]    Compiling num-complex v0.2.4
[INFO] [stderr]     Checking gif v0.10.3
[INFO] [stderr]     Checking jpeg-decoder v0.1.19
[INFO] [stderr]     Checking png v0.15.3
[INFO] [stderr]     Checking scoped_threadpool v0.1.9
[INFO] [stderr]    Compiling quote v1.0.3
[INFO] [stderr]    Compiling glutin v0.19.0
[INFO] [stderr]    Compiling libloading v0.5.2
[INFO] [stderr]    Compiling three-d v0.1.0 (https://github.com/frankplus/three-d#f442e52f)
[INFO] [stderr]     Checking rand_os v0.1.3
[INFO] [stderr]     Checking nix v0.14.1
[INFO] [stderr]     Checking memmap v0.7.0
[INFO] [stderr]     Checking shared_library v0.1.9
[INFO] [stderr]     Checking osmesa-sys v0.1.2
[INFO] [stderr]     Checking rand v0.6.5
[INFO] [stderr]     Checking honestintervals v0.2.0 (https://github.com/frankplus/rust-honestintervals#f8ff61b4)
[INFO] [stderr]    Compiling wayland-client v0.21.13
[INFO] [stderr]    Compiling wayland-protocols v0.21.13
[INFO] [stderr]     Checking dlib v0.4.1
[INFO] [stderr]     Checking approx v0.3.2
[INFO] [stderr]     Checking ordered-float v1.0.2
[INFO] [stderr]     Checking line_drawing v0.7.0
[INFO] [stderr]     Checking wayland-sys v0.21.13
[INFO] [stderr]     Checking rusttype v0.8.3
[INFO] [stderr]     Checking parking_lot_core v0.4.0
[INFO] [stderr]     Checking cgmath v0.17.0
[INFO] [stderr]     Checking rusttype v0.7.9
[INFO] [stderr]     Checking andrew v0.2.1
[INFO] [stderr]     Checking parking_lot v0.7.1
[INFO] [stderr]     Checking num v0.2.1
[INFO] [stderr]     Checking wayland-commons v0.21.13
[INFO] [stderr]     Checking tiff v0.3.1
[INFO] [stderr]    Compiling wasm-bindgen-backend v0.2.60
[INFO] [stderr]     Checking image v0.22.5
[INFO] [stderr]    Compiling serde_derive v1.0.106
[INFO] [stderr]    Compiling num-derive v0.3.0
[INFO] [stderr]    Compiling wasm-bindgen-macro-support v0.2.60
[INFO] [stderr]    Compiling wasm-bindgen-macro v0.2.60
[INFO] [stderr]     Checking js-sys v0.3.37
[INFO] [stderr]     Checking console_error_panic_hook v0.1.6
[INFO] [stderr]     Checking web-sys v0.3.37
[INFO] [stderr]     Checking smithay-client-toolkit v0.4.6
[INFO] [stderr]     Checking winit v0.18.1
[INFO] [stderr]     Checking bincode v1.2.1
[INFO] [stderr]     Checking console_log v0.1.2
[INFO] [stderr]     Checking plasm v0.1.0 (/opt/rustwide/workdir)
[INFO] [stdout] error[E0599]: no method named `sqrt` found for struct `IntervalSet` in the current scope
[INFO] [stdout]    --> src/operator_tables.rs:136:30
[INFO] [stdout]     |
[INFO] [stdout] 136 |             semantics: |x| x.sqrt(),
[INFO] [stdout]     |                              ^^^^ method not found in `IntervalSet<f64>`
[INFO] [stdout] 
[INFO] [stdout] 
[INFO] [stdout] error[E0599]: no method named `sqrt` found for struct `IntervalSet` in the current scope
[INFO] [stdout]    --> src/operator_tables.rs:136:30
[INFO] [stdout]     |
[INFO] [stdout] 136 |             semantics: |x| x.sqrt(),
[INFO] [stdout]     |                              ^^^^ method not found in `IntervalSet<f64>`
[INFO] [stdout] 
[INFO] [stdout] 
[INFO] [stdout] error[E0599]: no method named `sqrt` found for struct `IntervalSet` in the current scope
[INFO] [stdout]    --> src/operator_tables.rs:136:30
[INFO] [stdout]     |
[INFO] [stdout] 136 |             semantics: |x| x.sqrt(),
[INFO] [stdout]     |                              ^^^^ method not found in `IntervalSet<f64>`
[INFO] [stdout] 
[INFO] [stdout] 
[INFO] [stdout] error[E0599]: no method named `sqrt` found for struct `IntervalSet` in the current scope
[INFO] [stdout]    --> src/operator_tables.rs:136:30
[INFO] [stdout]     |
[INFO] [stdout] 136 |             semantics: |x| x.sqrt(),
[INFO] [stdout]     |                              ^^^^ method not found in `IntervalSet<f64>`
[INFO] [stdout] 
[INFO] [stdout] 
[INFO] [stdout] error[E0599]: no method named `abs` found for struct `IntervalSet` in the current scope
[INFO] [stdout]    --> src/operator_tables.rs:140:30
[INFO] [stdout]     |
[INFO] [stdout] 140 |             semantics: |x| x.abs(),
[INFO] [stdout]     |                              ^^^ method not found in `IntervalSet<f64>`
[INFO] [stdout] 
[INFO] [stdout] 
[INFO] [stdout] error[E0599]: no method named `abs` found for struct `IntervalSet` in the current scope
[INFO] [stdout]    --> src/operator_tables.rs:140:30
[INFO] [stdout]     |
[INFO] [stdout] 140 |             semantics: |x| x.abs(),
[INFO] [stdout]     |                              ^^^ method not found in `IntervalSet<f64>`
[INFO] [stdout] 
[INFO] [stdout] 
[INFO] [stdout] error[E0599]: no method named `abs` found for struct `IntervalSet` in the current scope
[INFO] [stdout]    --> src/operator_tables.rs:140:30
[INFO] [stdout]     |
[INFO] [stdout] 140 |             semantics: |x| x.abs(),
[INFO] [stdout]     |                              ^^^ method not found in `IntervalSet<f64>`
[INFO] [stdout] 
[INFO] [stdout] 
[INFO] [stdout] error[E0599]: no method named `signum` found for struct `IntervalSet` in the current scope
[INFO] [stdout]    --> src/operator_tables.rs:144:30
[INFO] [stdout]     |
[INFO] [stdout] 144 |             semantics: |x| x.signum(),
[INFO] [stdout]     |                              ^^^^^^ method not found in `IntervalSet<f64>`
[INFO] [stdout] 
[INFO] [stdout] 
[INFO] [stdout] error[E0599]: no method named `signum` found for struct `IntervalSet` in the current scope
[INFO] [stdout]    --> src/operator_tables.rs:144:30
[INFO] [stdout]     |
[INFO] [stdout] 144 |             semantics: |x| x.signum(),
[INFO] [stdout]     |                              ^^^^^^ method not found in `IntervalSet<f64>`
[INFO] [stdout] 
[INFO] [stdout] 
[INFO] [stdout] error[E0599]: no method named `signum` found for struct `IntervalSet` in the current scope
[INFO] [stdout]    --> src/operator_tables.rs:144:30
[INFO] [stdout]     |
[INFO] [stdout] 144 |             semantics: |x| x.signum(),
[INFO] [stdout]     |                              ^^^^^^ method not found in `IntervalSet<f64>`
[INFO] [stdout] 
[INFO] [stdout] 
[INFO] [stdout] error[E0599]: no method named `abs` found for struct `IntervalSet` in the current scope
[INFO] [stdout]    --> src/operator_tables.rs:140:30
[INFO] [stdout]     |
[INFO] [stdout] 140 |             semantics: |x| x.abs(),
[INFO] [stdout]     |                              ^^^ method not found in `IntervalSet<f64>`
[INFO] [stdout] 
[INFO] [stdout] 
[INFO] [stdout] error[E0599]: no method named `signum` found for struct `IntervalSet` in the current scope
[INFO] [stdout]    --> src/operator_tables.rs:148:30
[INFO] [stdout]     |
[INFO] [stdout] 148 |             semantics: |x| x.signum(),
[INFO] [stdout]     |                              ^^^^^^ method not found in `IntervalSet<f64>`
[INFO] [stdout] 
[INFO] [stdout] 
[INFO] [stdout] error[E0599]: no method named `signum` found for struct `IntervalSet` in the current scope
[INFO] [stdout]    --> src/operator_tables.rs:148:30
[INFO] [stdout]     |
[INFO] [stdout] 148 |             semantics: |x| x.signum(),
[INFO] [stdout]     |                              ^^^^^^ method not found in `IntervalSet<f64>`
[INFO] [stdout] 
[INFO] [stdout] 
[INFO] [stdout] error[E0599]: no method named `signum` found for struct `IntervalSet` in the current scope
[INFO] [stdout]    --> src/operator_tables.rs:148:30
[INFO] [stdout]     |
[INFO] [stdout] 148 |             semantics: |x| x.signum(),
[INFO] [stdout]     |                              ^^^^^^ method not found in `IntervalSet<f64>`
[INFO] [stdout] 
[INFO] [stdout] 
[INFO] [stdout] error: aborting due to 4 previous errors
[INFO] [stdout] 
[INFO] [stdout] 
[INFO] [stdout] For more information about this error, try `rustc --explain E0599`.
[INFO] [stdout] 
[INFO] [stdout] error: aborting due to 4 previous errors
[INFO] [stdout] 
[INFO] [stdout] 
[INFO] [stdout] For more information about this error, try `rustc --explain E0599`.
[INFO] [stdout] 
[INFO] [stdout] error: aborting due to 4 previous errors
[INFO] [stdout] 
[INFO] [stdout] 
[INFO] [stdout] For more information about this error, try `rustc --explain E0599`.
[INFO] [stdout] 
[INFO] [stderr] error: could not compile `plasm` (lib test) due to 5 previous errors
[INFO] [stderr] warning: build failed, waiting for other jobs to finish...
[INFO] [stderr] error: could not compile `plasm` (lib) due to 5 previous errors
[INFO] [stderr] error: could not compile `plasm` (bin "plasm") due to 5 previous errors
[INFO] [stdout] error[E0599]: no method named `signum` found for struct `IntervalSet` in the current scope
[INFO] [stdout]    --> src/operator_tables.rs:144:30
[INFO] [stdout]     |
[INFO] [stdout] 144 |             semantics: |x| x.signum(),
[INFO] [stdout]     |                              ^^^^^^ method not found in `IntervalSet<f64>`
[INFO] [stdout] 
[INFO] [stdout] 
[INFO] [stdout] error[E0599]: no method named `signum` found for struct `IntervalSet` in the current scope
[INFO] [stdout]    --> src/operator_tables.rs:148:30
[INFO] [stdout]     |
[INFO] [stdout] 148 |             semantics: |x| x.signum(),
[INFO] [stdout]     |                              ^^^^^^ method not found in `IntervalSet<f64>`
[INFO] [stdout] 
[INFO] [stdout] 
[INFO] [stdout] error: aborting due to 4 previous errors
[INFO] [stdout] 
[INFO] [stdout] 
[INFO] [stdout] For more information about this error, try `rustc --explain E0599`.
[INFO] [stdout] 
[INFO] [stderr] error: could not compile `plasm` (bin "plasm" test) due to 5 previous errors
[INFO] running `Command { std: "docker" "inspect" "2be935e48f25b26b8b4d7e82beeca1c37add9ea30478d3b52820bc988d743621", kill_on_drop: false }`
[INFO] running `Command { std: "docker" "rm" "-f" "2be935e48f25b26b8b4d7e82beeca1c37add9ea30478d3b52820bc988d743621", kill_on_drop: false }`
[INFO] [stdout] 2be935e48f25b26b8b4d7e82beeca1c37add9ea30478d3b52820bc988d743621
